+ -276. Calculate the highest common divisor of o and 10.
2
Let n be 121760/55 + 30/165. Calculate the highest common divisor of 54 and n.
54
Suppose -7*t - 4*f = -4*t - 9, -t - 5*f + 3 = 0. Suppose -8 - 25 = -t*j. Calculate the greatest common divisor of j and 77.
11
Let z(s) = -226*s + 12. Let b be z(2). Let h be (222/30 + -5)/((-6)/b). What is the highest common factor of 22 and h?
22
Let h = 54 + 52. Let y = h + 41. Calculate the greatest common factor of 21 and y.
21
Let l be (2/(-3))/(4/(-18)). Let h = l - 4. Let x be 482/10 + h/5. Calculate the greatest common factor of 16 and x.
16
Suppose 12 = 4*w - 0. Let f = -544 - -844. Suppose -f = -7*c - w*c. Calculate the greatest common divisor of 10 and c.
10
Let a(m) = m**3 + 25*m**2 + 19*m + 139. Let i be a(-22). Calculate the highest common factor of i and 102.
51
Let y = 1437 - 1086. Calculate the highest common factor of y and 216.
27
Let f be (-2 - 0) + 3/5*15. Let p(d) = -29*d + 25. Let b be p(-3). Calculate the greatest common factor of b and f.
7
Suppose 0*a = 5*u - a, -4*u + a = 0. Suppose -4*c + 8 = u, 79 - 1 = 5*b - c. Calculate the highest common divisor of 24 and b.
8
Suppose 1 = -o - 1, 0 = 5*n + 2*o - 1756. Suppose -2*m = -4*m + n. What is the greatest common factor of 44 and m?
44
Let w(o) = 2*o**2 - 2*o**2 + 2*o**2 - 7 - 3*o**2 + 12*o. Let m be w(12). Let l = 3 - m. What is the highest common divisor of l and 30?
10
Let a(m) = m**2 + m - 3. Let o be a(-4). Suppose 3*j - 1 = 14. Suppose j*d = 2*p - 92, -d + 32 = 3*p - 2*p. What is the greatest common factor of o and p?
9
Let x = -1785 - -2146. What is the highest common factor of 76 and x?
19
Suppose 3*l - 88 = 4*r, 81 = 3*l - 25*r + 28*r. Calculate the highest common divisor of l and 52.
4
Let z = 58 + -54. Suppose -z*l = -19 - 21. Calculate the greatest common divisor of l and 70.
10
Let o(p) = p**3 + 8*p**2 + 7*p - 13. Let q be o(-6). Calculate the highest common divisor of 119 and q.
17
Suppose -11*m = -10*m - 48. Suppose m*f + 95 = 53*f. What is the highest common factor of f and 209?
19
Suppose 4*p + 5*k - 27 = 0, 4*p + 3*k - 17 - 4 = 0. Let y be ((-63)/4)/(p*7/(-56)). What is the highest common divisor of 28 and y?
14
Suppose -31*l = -21*l - 520. Let u(j) = -j**3 - 6*j**2 + 2*j - 9. Let r be u(-7). Calculate the highest common factor of l and r.
26
Suppose 3*f = 6*f - 9. Suppose 0 = -0*o + f*o. Let p be -3 + (o + 2 - -18). What is the greatest common divisor of 153 and p?
17
Let p(r) = 39*r**2 + 5*r - 6. Let w be p(2). Calculate the greatest common factor of w and 20.
20
Suppose 21219 + 33501 = 76*f. What is the greatest common divisor of 45 and f?
45
Let m be (-2)/(7 - (-3144)/(-448)). What is the highest common divisor of m and 70?
14
Let j = 4 + 0. Suppose -j*p = -2*m - 10, -3*p + 3*m + 4 - 1 = 0. Let c be -3 + 8 + (p - 2). Calculate the greatest common divisor of c and 35.
7
Let o(y) = y**3 + 32*y**2 - y - 16. Let f be o(-32). What is the highest common factor of f and 272?
16
Let h be ((-11)/((-55)/(-4)))/(2/(-180)). Calculate the highest common factor of 504 and h.
72
Let x(z) = -z**2 - 2*z + 1. Let j be x(-3). Let f(c) = -c**2 - 7*c - 5. Let n be f(j). Let g = 34 - 14. What is the greatest common factor of g and n?
5
Let t = -83 + 644. What is the highest common divisor of t and 99?
33
Let f be 34/136 + 6654/8. What is the highest common divisor of f and 128?
64
Let n be ((-24)/(-32))/(-1*1/(-228)). What is the greatest common divisor of n and 95?
19
Suppose -3*u = -5*q + 21, 3*u + 16 = 2*q - 14. Let y(x) = -x**3 - 12*x**2 - 3*x - 17. Let v be y(u). Calculate the greatest common factor of 133 and v.
19
Let f be 216/20*75/10. Calculate the greatest common divisor of f and 18.
9
Suppose g + 0*g - 1 = -4*a, -3*a = -5*g + 97. Suppose -5*k = -18 - g. What is the highest common factor of k and 56?
7
Let q = -454 - -532. What is the highest common factor of q and 65?
13
Let d be (4/6)/(3/(-9)*-1). Suppose 4*u + x - 11 = 0, d*x - 3 - 1 = u. What is the highest common factor of 6 and u?
2
Let g = -1653 + 1698. Let x = 35 - 10. Suppose 3*m + 2*m - x = 0. Calculate the highest common divisor of m and g.
5
Let q = 173 + -159. Calculate the greatest common factor of 49 and q.
7
Suppose h + 4 = -13. Let i be (h/2)/((-39)/12 + 3). What is the greatest common factor of i and 170?
34
Suppose -68 = -5*v - 2*l, 0 = -2*v + 6*v - l - 44. Let k(p) = -2*p**2 - 17*p + 3. Let a be k(-7). What is the greatest common factor of v and a?
12
Let h = -13 - -27. Let c be ((-12)/h)/(1/(-98)). What is the highest common divisor of c and 21?
21
Let a(w) = -2*w**2 + 15*w + 81. Let z be a(11). Calculate the highest common divisor of z and 17.
1
Let c(q) = -q**2 + 7*q + 91. Let j be c(12). What is the greatest common factor of j and 31?
31
Suppose -2*w = g + 4*g - 5, -g = -3*w + 50. What is the highest common divisor of 345 and w?
15
Let r(i) = 2*i - 2. Let p be r(7). What is the greatest common divisor of p and 96?
12
Suppose 230*p = 247*p - 136. What is the highest common factor of 488 and p?
8
Let s be -1 + 0 + 952/(-17). Let k = 82 + s. Calculate the greatest common factor of 10 and k.
5
Suppose 44*z = 43*z + 3330. What is the greatest common factor of z and 10?
10
Suppose 0 = 7*h - 6*h - 21. Suppose -9 = 4*l - h. Let r be 1*l + (-22)/11. Calculate the highest common factor of 8 and r.
1
Let o = -76 + 116. Let x = o - 29. What is the greatest common divisor of x and 11?
11
Let o be (-114)/(-2) + -108 + 107. Calculate the highest common factor of 21 and o.
7
Let m(h) = h**2 + 26*h - 32. Let o be m(-29). Calculate the greatest common divisor of 5 and o.
5
Suppose 12*j + 6175 - 20863 = 0. Calculate the highest common factor of j and 9.
9
Let p(c) = 14*c**2 + 2*c - 3. Let i be p(1). Suppose 5*g = i + 127. Suppose 2*u - 5 = 3. What is the greatest common divisor of g and u?
4
Suppose n + 0*d - 17 = -4*d, d = -4*n + 38. Suppose 5*m + 5*a = n*m - 70, 4*m - 50 = -5*a. What is the greatest common divisor of 105 and m?
15
Let x(t) = -4*t + 39. Let u be x(-7). Suppose -2*h = h - 2*p - 102, -2*h + u = -p. Calculate the greatest common divisor of h and 48.
16
Let u be 1814/4 + 2/4. Let a be u/(-10) + 4/10. Let c = 69 + a. What is the highest common divisor of 24 and c?
24
Suppose 2*s + 2*l = 110, 2*s = -s + 4*l + 158. Suppose -z = z - s. Suppose 0 = r - z + 11. What is the highest common factor of 24 and r?
8
Let a(c) = 63*c**2 + c. Let n be 27/(-21) - 4/(-14). Let p be a(n). Let y = p + -37. Calculate the greatest common divisor of 10 and y.
5
Let o be 2/3*(-1824)/(-16). What is the greatest common divisor of 228 and o?
76
Let f = 825 + -490. Calculate the greatest common divisor of 201 and f.
67
Suppose 3*o + 14 = 4*i, -3*i + 19 - 2 = o. Suppose -2*s + 1 = -c, i*s - 35 = -5*c + 5. Calculate the greatest common factor of c and 5.
5
Suppose 4*z - 5*c - 6 = 37, -35 = -3*z + c. Suppose 12 = -l + 4*s + 1, 11 = -l + s. Let p = z + l. What is the greatest common divisor of 1 and p?
1
Suppose -4*a - p - 3*p - 44 = 0, 0 = -3*a + 2*p - 28. Let v be 2756/9 + a/45. Calculate the highest common divisor of 34 and v.
34
Let p be 6/8 + (-1)/(-4). Let r = 2 + 1. Let k be 1 - (r - 12)*p. Calculate the greatest common factor of k and 30.
10
Suppose 2*s + 2*n - 4*n = 120, -4*n = 5*s - 282. Calculate the highest common factor of s and 493.
29
Suppose 2*n + 5*r - 246 = 299, 0 = -n - 4*r + 268. Suppose 4*x - 112 = -v, v - 4*x + 224 = 3*v. Calculate the highest common factor of n and v.
56
Suppose 0 = -3*l - 22*h + 25*h + 201, -2*h + 244 = 4*l. Calculate the greatest common factor of 28 and l.
7
Let i = -329 - -343. Suppose -y + 3*y - 224 = 0. Calculate the highest common divisor of y and i.
14
Let h = 921 - 739. Calculate the highest common divisor of 468 and h.
26
Let j(t) = 2*t**2 - 18*t + 55. Let x be j(22). Calculate the highest common divisor of x and 57.
57
Let c = -21 - -17. Let j be 3024/8*c/(-6). What is the greatest common factor of j and 28?
28
Let c be 12/5*(-20)/(-3). Suppose 0 = -5*k + 14 + c. Calculate the highest common divisor of k and 42.
6
Suppose 0 = -b - 7 + 20. Let u be ((-14)/(-105) - (-4312)/60) + -7. Calculate the greatest common factor of b and u.
13
Let c = -30 + 33. Let y(p) = p**3 - 2*p**2 + 3. Let h be y(c). Calculate the greatest common factor 